er when 1201 is divided by 468.
265
What is the remainder when 74 is divided by 25?
24
What is the remainder when 60 is divided by 14?
4
What is the remainder when 1129 is divided by 564?
1
Calculate the remainder when 2913 is divided by 53.
51
What is the remainder when 72 is divided by 15?
12
What is the remainder when 80 is divided by 63?
17
What is the remainder when 363 is divided by 34?
23
What is the remainder when 1993 is divided by 105?
103
Calculate the remainder when 206 is divided by 42.
38
Calculate the remainder when 693 is divided by 24.
21
Calculate the remainder when 1113 is divided by 72.
33
What is the remainder when 1196 is divided by 40?
36
What is the remainder when 3512 is divided by 19?
16
What is the remainder when 2829 is divided by 12?
9
Calculate the remainder when 19348 is divided by 18.
16
Calculate the remainder when 291 is divided by 33.
27
Calculate the remainder when 106 is divided by 24.
10
What is the remainder when 20 is divided by 7?
6
Calculate the remainder when 153 is divided by 26.
23
What is the remainder when 1575 is divided by 228?
207
Calculate the remainder when 4145 is divided by 9.
5
What is the remainder when 39 is divided by 5?
4
What is the remainder when 987 is divided by 165?
162
Calculate the remainder when 264 is divided by 130.
4
What is the remainder when 1266 is divided by 39?
18
What is the remainder when 161 is divided by 16?
1
What is the remainder when 2489 is divided by 28?
25
Calculate the remainder when 54 is divided by 29.
25
What is the remainder when 374 is divided by 47?
45
Calculate the remainder when 84 is divided by 30.
24
What is the remainder when 174 is divided by 7?
6
Calculate the remainder when 555 is divided by 194.
167
What is the remainder when 47 is divided by 26?
21
What is the remainder when 575 is divided by 57?
5
What is the remainder when 1163 is divided by 28?
15
What is the remainder when 471 is divided by 243?
228
What is the remainder when 205 is divided by 65?
10
Calculate the remainder when 125 is divided by 41.
2
Calculate the remainder when 14235 is divided by 226.
223
What is the remainder when 24 is divided by 13?
11
Calculate the remainder when 4949 is divided by 18.
17
What is the remainder when 735 is divided by 369?
366
Calculate the remainder when 259 is divided by 44.
39
What is the remainder when 7324 is divided by 1831?
0
What is the remainder when 399 is divided by 119?
42
Calculate the remainder when 538 is divided by 45.
43
Calculate the remainder when 1551 is divided by 516.
3
What is the remainder when 110 is divided by 16?
14
What is the remainder when 90 is divided by 24?
18
What is the remainder when 186 is divided by 51?
33
What is the remainder when 208 is divided by 30?
28
What is the remainder when 212 is divided by 72?
68
Calculate the remainder when 12604 is divided by 16.
12
What is the remainder when 142 is divided by 73?
69
What is the remainder when 571 is divided by 64?
59
Calculate the remainder when 119 is divided by 20.
19
What is the remainder when 236 is divided by 80?
76
Calculate the remainder when 2661 is divided by 31.
26
Calculate the remainder when 10361 is divided by 157.
156
Calculate the remainder when 238 is divided by 27.
22
What is the remainder when 421 is divided by 42?
1
What is the remainder when 665 is divided by 111?
110
What is the remainder when 216 is divided by 24?
0
What is the remainder when 297 is divided by 63?
45
Calculate the remainder when 26 is divided by 22.
4
Calculate the remainder when 288 is divided by 184.
104
What is the remainder when 8156 is divided by 26?
18
What is the remainder when 6034 is divided by 85?
84
What is the remainder when 1945 is divided by 58?
31
What is the remainder when 5262 is divided by 195?
192
Calculate the remainder when 505 is divided by 169.
167
What is the remainder when 2171 is divided by 199?
181
Calculate the remainder when 195 is divided by 18.
15
Calculate the remainder when 340 is divided by 38.
36
Calculate the remainder when 2378 is divided by 779.
41
What is the remainder when 463 is divided by 116?
115
What is the remainder when 172 is divided by 70?
32
Calculate the remainder when 202 is divided by 51.
49
What is the remainder when 19895 is divided by 197?
195
What is the remainder when 431 is divided by 16?
15
Calculate the remainder when 225 is divided by 19.
16
Calculate the remainder when 608 is divided by 64.
32
Calculate the remainder when 143 is divided by 25.
18
Calculate the remainder when 230 is divided by 7.
6
What is the remainder when 25 is divided by 7?
4
What is the remainder when 29078 is divided by 37?
33
What is the remainder when 4548 is divided by 14?
12
Calculate the remainder when 350 is divided by 95.
65
Calculate the remainder when 466 is divided by 25.
16
What is the remainder when 701 is divided by 176?
173
Calculate the remainder when 2852 is divided by 53.
43
What is the remainder when 1417 is divided by 44?
9
What is the remainder when 367 is divided by 74?
71
What is the remainder when 165 is divided by 85?
80
Calculate the remainder when 210 is divided by 4.
2
Calculate the remainder when 4728 is divided by 28.
24
What is the remainder when 700 is divided by 19?
16
Calculate the remainder when 3895 is divided by 54.
7
What is the remainder when 1460 is divided by 210?
200
What is the remainder when 100 is divided by 7?
2
What is the remainder when 6588 is divided by 64?
60
Calculate the remainder when 40917 is divided by 20.
17
Calculate the remainder when 250 is divided by 21.
19
What is the remainder when 246 is divided by 83?
80
Calculate the remainder when 1778 is divided by 66.
62
What is the remainder when 4285 is divided by 3?
1
Calculate the remainder when 25271 is divided by 156.
155
Calculate the remainder when 309 is divided by 5.
4
What is the remainder when 881 is divided by 17?
14
What is the remainder when 40 is divided by 21?
19
What is the remainder when 594 is divided by 13?
9
Calculate the remainder when 1317 is divided by 69.
6
Calculate the remainder when 514 is divided by 11.
8
What is the remainder when 768 is divided by 94?
16
What is the remainder when 36245 is divided by 42?
41
Calculate the remainder when 795 is divided by 191.
31
What is the remainder when 918 is divided by 66?
60
Calculate the remainder when 43 is divided by 18.
7
What is the remainder when 739 is divided by 46?
3
What is the remainder when 52 is divided by 50?
2
What is the remainder when 262 is divided by 45?
37
Calculate the remainder when 69 is divided by 17.
1
Calculate the remainder when 4174 is divided by 20.
14
What is the remainder when 3077 is divided by 18?
17
What is the remainder when 270 is divided by 148?
122
What is the remainder when 767 is divided by 3?
2
What is the remainder when 486 is divided by 56?
38
Calculate the remainder when 235 is divided by 28.
11
What is the remainder when 90 is divided by 39?
12
What is the remainder when 97 is divided by 30?
7
Calculate the remainder when 4510 is divided by 43.
38
Calculate the remainder when 142 is divided by 70.
2
Calculate the remainder when 8028 is divided by 37.
36
Calculate the remainder when 2214 is divided by 117.
108
Calculate the remainder when 144 is divided by 91.
53
What is the remainder when 225 is divided by 115?
110
What is the remainder when 193 is divided by 66?
61
What is the remainder when 26 is divided by 16?
10
What is the remainder when 185 is divided by 9?
5
What is the remainder when 6192 is divided by 177?
174
What is the remainder when 955 is divided by 477?
1
What is the remainder when 465 is divided by 124?
93
Calculate the remainder when 523 is divided by 109.
87
Calculate the remainder when 27 is divided by 11.
5
What is the remainder when 422 is divided by 38?
4
Calculate the remainder when 972 is divided by 477.
18
Calculate the remainder when 884 is divided by 421.
42
What is the remainder when 928 is divided by 49?
46
Calculate the remainder when 5919 is divided by 75.
69
Calculate the remainder when 150 is divided by 38.
36
Calculate the remainder when 17 is divided by 11.
6
Calculate the remainder when 586 is divided by 75.
61
Calculate the remainder when 597 is divided by 38.
27
Calculate the remainder whe